mmon divisor of 16 and j.
16
Let i be 30/2*(630/50 - -12). What is the highest common divisor of 41 and i?
41
Let n(w) = -80*w - 900. Let i be n(-14). Suppose 108 = 4*c - 244. Calculate the highest common divisor of c and i.
44
Let d(m) = -12*m - 2. Let b be d(-1). Suppose 0 = 11*k - b*k - 99. What is the greatest common factor of 11 and k?
11
Let b(d) = 12*d**2 - 2*d + 41. Let r be b(6). Suppose -n = 3*f - 0*n - r, -5*f - 5*n = -775. What is the highest common factor of f and 34?
17
Let c(s) = -17*s - 40. Let w be c(-3). Suppose 0 = r - 8 + 1. Suppose -66 = -r*y + 4*y. What is the greatest common divisor of y and w?
11
Suppose 0 = -2*y + 14 + 16. Let f(r) = r**2 - 8*r - 9. Let u be f(y). Calculate the highest common divisor of u and 24.
24
Let w(x) = 17*x - 161. Let k be w(10). What is the greatest common factor of 1026 and k?
9
Let p(w) = w**2 - 10*w - 16. Let v be p(-6). Suppose 5*t - 5*z = 2*t + 86, 2*z - v = -4*t. What is the greatest common factor of t and 33?
11
Suppose 446*p - 436*p - 19500 = 0. What is the greatest common divisor of 78 and p?
78
Let i = 131 + -43. What is the greatest common divisor of i and 2552?
88
Suppose -368*l = -340*l - 3864. Calculate the highest common divisor of l and 69.
69
Let x(p) = -p**3 - 29*p**2 - 69*p - 15. Let i be x(-27). Calculate the greatest common factor of 90 and i.
30
Suppose -14 = -3*m - 4*y, 3*m - 3*y - 16 - 5 = 0. Let x(z) = -2*z**3 + 12*z**2 + 4*z + 4. Let k be x(m). Calculate the greatest common divisor of k and 224.
28
Let z = 72 + -20. Suppose z = 50*q - 48*q. Calculate the greatest common divisor of q and 13.
13
Let o(v) = v**2 - 7*v - 4. Let f be o(8). Suppose -f*l + 5 = -3. Suppose 5*u = 22 - l. What is the greatest common divisor of u and 6?
2
Let g(s) = s**3 - 6*s**2 - 6*s. Suppose 0 = z - 4*z - 3. Let o be (0 - (z + 2))*-7. Let n be g(o). Calculate the greatest common factor of n and 35.
7
Let a(q) = 5*q + 179. Let o be a(-28). Let s(w) = 7*w**2 - w. Let d be s(2). Calculate the highest common factor of o and d.
13
Let u be (-3924)/14*(-252)/54. Calculate the greatest common divisor of u and 6.
6
Let h be (-1*8)/((-1)/6). Suppose -2*b + i + 48 = 0, -5*b = -b + 5*i - 68. Let c = b - 10. Calculate the highest common factor of h and c.
12
Let z be (-17)/4 - (-11)/44. Let m = z + 9. Suppose 2*i - 3*k - 45 = 0, 4*i - 70 = -3*k + m*k. Calculate the highest common factor of 45 and i.
15
Suppose -8*u + 157 = -51. Let y = 130 + -65. Calculate the greatest common divisor of y and u.
13
Suppose 244 = h + 4*z, -2*h + 538 = 7*z - 9*z. What is the greatest common divisor of h and 33?
33
Let a be 98/343 + (-12668)/(-7). What is the greatest common divisor of 10 and a?
10
Let b = 1223 + -621. Calculate the highest common divisor of b and 112.
14
Let p(x) = 3*x**2 + x + 1. Suppose 3*q - 4*a = -11, 5*q - a = -3*a + 25. Let m be p(q). What is the highest common factor of m and 124?
31
Let o be 55 + (1/(-1) - -3). Let w be 1*o*(0 + 1). Suppose 12*t - 703 = -25*t. What is the greatest common divisor of w and t?
19
Suppose 4*y = -2 - 6. Let q be (1 - 1) + y + 13. What is the highest common factor of 55 and q?
11
Suppose -3*s = -4*a - 28, 3*s - 68 = -7*a + 3*a. Let j = 18 - s. Let n be 169/j - 3/6. What is the greatest common divisor of n and 56?
28
Let m = 9 - 8. Let q = m - -16. Let w(c) = -118*c + 1. Let n be w(-1). What is the highest common divisor of q and n?
17
Let v = 92 + -23. What is the highest common divisor of v and 552?
69
Let c be (-5)/(-5)*24 + -3 + 6. What is the greatest common factor of c and 594?
27
Let h(j) be the first derivative of -3*j - j**2 - 5/3*j**3 + 1/4*j**4 - 1. Let p be h(6). Calculate the highest common divisor of p and 21.
21
Let o(l) = 10*l + 3 - 3*l + 0*l - 8. Let q be o(3). What is the greatest common factor of 40 and q?
8
Let q be -1 + -2*(-44)/(-8). Let t = q + 22. Let j(i) = -i**2 + 12*i - 5. Let g be j(t). Calculate the highest common divisor of g and 45.
15
Suppose -3*v - 12 = -33. Let g be 12/(-10)*(v - 2). Let p = -3 - g. Calculate the greatest common divisor of p and 3.
3
Suppose 2 = d - 26. Calculate the highest common divisor of d and 28.
28
Let s(g) = g**3 + 13*g**2 - 5*g + 31. Let r be s(-13). Suppose -o - y + 28 = 0, -6 = -3*y + 6. What is the highest common divisor of r and o?
24
Let t = 140 - 68. Suppose -7*a + 3*a = s - 39, -4*s + 5*a + t = 0. What is the highest common divisor of 46 and s?
23
Suppose o + 5 - 7 = 0. Suppose 2*a + o*a - 4*v = 104, v = 2*a - 50. Calculate the highest common divisor of 6 and a.
6
Let z be 138 - 0/(3 + -5). Calculate the greatest common factor of 92 and z.
46
Suppose 15*w - 90 = 75. What is the greatest common factor of w and 143?
11
Let v(q) be the third derivative of q**5/60 - q**3/3 - 5*q**2. Let b be v(0). Let m be b/(404/(-132) + 3). Calculate the highest common divisor of m and 22.
11
Suppose i - 4*w = -3*i + 28, -3 = -i + 5*w. Suppose -10 = r - 6*r. Let s be (81 - -2 - -3) + r. What is the greatest common factor of s and i?
8
Let a = -10844 + 10862. Let f(q) be the first derivative of 2*q**3 + 2*q**2 + 2*q + 1. Let l be f(-2). What is the highest common divisor of l and a?
18
Let m = -34 - -34. Suppose 0 = d - 2 - m. What is the highest common factor of 16 and d?
2
Let m(a) = -23*a + 168. Let d be m(7). Suppose 278 = 5*l - 37. Calculate the highest common divisor of l and d.
7
Let m be 8/(0 + (-4)/(-16)). Suppose -54 = -4*b + 3*x - 2*x, -2*x + m = 2*b. What is the greatest common factor of 2 and b?
2
Suppose -5*f + 11 = -3*m - 14, -4*m = 20. Let x(n) = 4*n - 2*n + 1 + n - 2*n. Let a be x(13). Calculate the highest common factor of a and f.
2
Suppose a + 864 = 3*y, -y + 576 = y - 3*a. Calculate the highest common divisor of y and 128.
32
Let o(t) = -4*t + 12. Let w be o(3). Let z be (-2)/8*w + 30. Calculate the highest common factor of z and 50.
10
Let t be (56/(-32))/(2/(-64)). Suppose -5*f = -4 - t. Let p(z) = z**3 + 5*z**2 - 2*z. Let j be p(-4). Calculate the greatest common divisor of f and j.
12
Suppose 301 = 13*q + 41. Calculate the highest common factor of 820 and q.
20
Let g be (-12)/(-10)*11 - (-162)/(-135). Calculate the greatest common divisor of 2076 and g.
12
Let d be -1 + 4 - 1/(1/(-3)). What is the highest common factor of d and 66?
6
Let h = -15 - -19. Suppose -24 = 3*d - d - 5*s, 5*d = h*s - 26. Let g be 206/13 + d/(-13). What is the greatest common factor of 176 and g?
16
Let g(b) = -67*b + 323. Let u be g(-11). What is the highest common factor of 20 and u?
20
Let t = 1 - 0. Let z be (3 + t)*(390/(-4))/(-3). What is the highest common factor of 13 and z?
13
Let f(b) = -26*b - 148. Let l be f(-10). What is the highest common divisor of l and 96?
16
Let a = 447 - 429. What is the greatest common factor of a and 414?
18
Suppose 0 = -3*i - 4*w + 12292, 4*i + 37*w - 39*w = 16426. Calculate the highest common divisor of i and 12.
12
Suppose 108 = 5*d - 2*f, -3*d - f + 16 = -2*d. Suppose -4*l + 128 = -2*v + 5*v, 0 = -5*l - d. Calculate the highest common factor of 12 and v.
12
Let f be ((-1)/(-3))/(5/150). Suppose 4*k + 12 = 172. What is the greatest common factor of f and k?
10
Suppose q = 21 + 19. Let o = -1 + 1. Suppose -4*x + 23 + 9 = o. What is the greatest common divisor of x and q?
8
Suppose 36 - 196 = -5*l. Let j be (-364)/(-56) + (-12)/(-8). What is the highest common divisor of l and j?
8
Suppose 4*x - 1259 = -5*i, -2*i - 3*x + 512 = 14. Calculate the greatest common factor of i and 30.
15
Suppose 0 - 10 = -5*s. Suppose -k - 72 = -3*a, -s*a - 2*k = a - 72. Let i = -1125 + 1185. Calculate the greatest common divisor of a and i.
12
Let s(a) = -32*a**3 - 4*a**2 - 4*a - 7. Let y be s(-3). What is the highest common factor of 17 and y?
17
Let w = -5 + 14. Let c(p) be the second derivative of p**4/4 - 3*p**3/2 - 6*p**2 + 17*p. Let i be c(5). Calculate the greatest common factor of w and i.
9
Let j = 36 + -6. Let a = -16 + 21. Let u(w) = 2*w + 2. Let r be u(a). Calculate the greatest common factor of r and j.
6
Suppose 29*h = 9 + 107. Calculate the greatest common factor of 68 and h.
4
Suppose 3*m + m = 408. Suppose -51*w - m = -54*w. What is the greatest common factor of w and 68?
34
Suppose -4*s - 5*g + 72 + 151 = 0, 4*s - 211 = -g. Suppose -34*f + 85 = -29*f - 5*h, -3*f + 47 = -2*h. Calculate t